 4*f + c = 3*o. What is the remainder when o is divided by 28?
24
Suppose 3*i - 3*x = 3, 3 + 3 = 2*i - x. Suppose i*r - 3*r - 6 = -2*m, 0 = -2*r + 2*m + 2. Suppose r*b - 54 = -b. What is the remainder when b is divided by 7?
4
Let w = 9 + -19. What is the remainder when 26 is divided by -7 + (0 - -4) - w?
5
Let v(m) = -11*m + 145. What is the remainder when 311 is divided by v(11)?
23
Let c(m) = -17*m + 47. What is the remainder when c(-4) is divided by 59?
56
Let f be 184/(-16)*(2 + 0). Let i = -14 - f. Suppose 8 = -5*h + i*h. What is the remainder when 10 is divided by h?
0
Suppose 3*w = -28 + 4. Let m be 3/(-12) + (-82)/w. Let v(g) = -g + 12. What is the remainder when 4 is divided by v(m)?
0
Suppose 4*f - 1292 = -4*v, -f - v - 1585 = -6*f. Suppose -n = -3*n - 2*l + f, 2*n - 315 = -l. What is the remainder when n is divided by 40?
36
Let i = 55 - 33. Calculate the remainder when 152 is divided by i.
20
Suppose 5*k - v = 265 + 212, 0 = -2*k - 5*v + 207. Calculate the remainder when 216 is divided by k.
24
Let i(m) = m**3 + 9*m**2 + 4*m - 5. Suppose -10*q + 180 = -6*q. Calculate the remainder when i(-8) is divided by 477/q - (-6)/(-10).
7
Let a(h) = h - 7. Let x be 1 + 2/2 + 6. What is the remainder when a(x) is divided by 1?
0
Let z(b) = b + 20. Let v be z(-20). Suppose v = -3*a - 2*f + 29, f + f = -4. Calculate the remainder when 76 is divided by a.
10
What is the remainder when (140/3)/((56/(-12))/(-7)) is divided by 19?
13
Let d = 3668 + -2551. Calculate the remainder when d is divided by 26.
25
Let a = -305 - -452. What is the remainder when 195 is divided by a/6*6/3?
48
Suppose 0 = 3*f + 4*s + 5, -4*f - 5*s + 0*s - 6 = 0. What is the remainder when 16 is divided by f?
0
Let j(w) = -4*w - 16. Let p(v) = 5*v + 16. Let h(g) = -4*j(g) - 3*p(g). What is the remainder when (-2)/(-3)*558/12 is divided by h(-5)?
9
Let y(g) = -2*g - 6. Let h = -2 - 7. Suppose -5 = q - 2*q, 5*m - 4*q - 215 = 0. What is the remainder when m is divided by y(h)?
11
Suppose h = 2*s + 130, -32*s = -3*h - 27*s + 387. What is the remainder when h is divided by 4?
0
Let x = -258 - -271. Calculate the remainder when 124 is divided by x.
7
Suppose 3*g + 3*q = 0, 3*g - q - 16 = 4*q. Suppose 5*s = g*p + 52 + 77, 2*s = 4*p + 58. Calculate the remainder when 74 is divided by s.
24
Let x = -10 + 14. Calculate the remainder when (5/(-3))/(x/(-84)) is divided by (9/6)/(17/102).
8
What is the remainder when 3 - 7/7*-66 is divided by 28?
13
Suppose 163*d + 195 = 168*d. What is the remainder when d is divided by 26?
13
Suppose 24 = -3*m + 66. Calculate the remainder when 32 is divided by m.
4
Suppose 7*i - 185 = 74. What is the remainder when i is divided by 20?
17
Suppose 0 = -23*j + 8*j + 1035. What is the remainder when 266 is divided by j?
59
Suppose 169*r = 167*r + 40. What is the remainder when 119 is divided by r?
19
Let f(i) = 4*i**3 - 2*i + 22 + i + 9*i**2 - 3*i**3 - 9*i. Calculate the remainder when 86 is divided by f(-10).
20
Let g(x) = -35*x - 51. Calculate the remainder when (-1184)/(-22) - (-2)/11 is divided by g(-2).
16
Let m(p) = p**3 + 8*p**2 + 5*p - 3. Let z(d) = d**2 - 5*d + 2 - 2*d - 2*d**2. Calculate the remainder when m(-6) is divided by z(-6).
7
Let n(u) = -7 + 13*u + 12*u - 9*u - 8 - u**3 + 4*u**2. Calculate the remainder when 34 is divided by n(6).
7
Let j be 6*(-30)/(-12)*2/10. Suppose j*o + 15 = 69. Calculate the remainder when o is divided by 5.
3
Let x = 4 + -2. Suppose k = 11 - x. Let h(r) = 33*r**3 + r**2 - 28*r + 28. Calculate the remainder when h(1) is divided by k.
7
Suppose -192 = -8*t - 8*t. Let k be (1/2)/(6/12). Calculate the remainder when (-43 + k)*1/(-2) is divided by t.
9
Let c be (1 - 1)/(0 + 1). Suppose j = -4 - c. Let o = -1 - j. What is the remainder when o is divided by 1?
0
Let h = -58 + 91. Suppose 9*b = 3*b + 54. What is the remainder when h is divided by b?
6
Suppose 4*h + 2*k = 68, 3*h - 46 = -114*k + 110*k. Suppose 2*g + 0*g = 2*v - 386, -3*g = 4*v - 793. Calculate the remainder when v is divided by h.
16
Suppose 19 - 3 = 4*z, 2*z - 42 = -2*q. Let p = 56 - 25. What is the remainder when p is divided by q?
14
Let y = 14 - -6. Let j be (6 + 2 + -4)/2. Suppose -4*a = -j*f + 86, 2*a = -5*f + a + 193. What is the remainder when f is divided by y?
19
Let l(o) be the first derivative of -7/2*o**2 + o - 2/3*o**3 + 7 + 1/4*o**4. Calculate the remainder when l(6) is divided by 26.
25
Let h(r) = -r**2 + 17*r - 8. Calculate the remainder when 777 is divided by h(5).
49
Let q(c) = -7*c + 6. Let h be q(-9). Suppose -f = 3*f - s - 92, -3*f = 4*s - h. Let j = -29 + 42. What is the remainder when f is divided by j?
10
Let d(l) = 6*l**2 - 119*l + 11. What is the remainder when 45 is divided by d(20)?
14
Suppose -f - 207 = -2*w, 4*f - 511 = -0*w - 5*w. What is the remainder when w is divided by 13?
12
Let s(g) = 4*g**2 - 15*g + 15. Let k be s(11). Let d = k + -169. Calculate the remainder when d is divided by 42.
39
Let i(k) = 17*k + 32. Let w(z) = 6*z + 11. Let a(j) = -3*i(j) + 8*w(j). Let x = -6 - 4. What is the remainder when a(x) is divided by 6?
4
Let j = 48 - 26. Let w = 244 - 203. Calculate the remainder when w is divided by j.
19
Let z(l) = l**3 + l**2 - l + 1. Let u(x) = -5*x**3 - 23*x**2 + 33*x + 13. Let b(f) = -u(f) - 6*z(f). What is the remainder when b(15) is divided by 14?
12
Let g = -159 - -414. What is the remainder when g is divided by 53?
43
Let r be (-5)/((-52)/12 - -4). Suppose r = 3*y - 39. Let f = -79 + 129. Calculate the remainder when f is divided by y.
14
Suppose 0 = -2*v + 3*v + 4*p - 14, 5*v = -4*p + 22. Calculate the remainder when 0 + (-4 + 5 - -3) is divided by v.
0
Suppose 4*r = -14 - 18. Suppose -76 = -2*m - 5*l, 5*l = -2*m + 2*l + 80. Calculate the remainder when m is divided by 4*46*(-1)/r.
20
Let o = 30 - 70. Let u = o + 57. Suppose 0*g - g = -33. Calculate the remainder when g is divided by u.
16
Let b(s) = 5*s - 12. Suppose 4*w + 5*w = 36. Suppose -9 = 3*i, -i + 18 = p + 3*i. Calculate the remainder when p is divided by b(w).
6
Let m(y) = 4*y - 20. Let v be m(5). Suppose 25*x - 27*x + 12 = v. Calculate the remainder when 34 is divided by x.
4
Suppose -l + 2*h - 8 = 0, 0 = 2*l + 5*h - 14 + 3. What is the remainder when 214 is divided by (-546)/(-15) + l/5?
34
Suppose 5*v - 50 = 5*i, -2*v + 18 = -16*i + 15*i. What is the remainder when v is divided by 8?
0
Suppose 0*x + 4*m + 1184 = 3*x, -5*x + 5*m + 1980 = 0. Let n = x + -223. Suppose -n = -5*q - 67. Calculate the remainder when 85 is divided by q.
19
Let f(l) = -l - 5. Suppose 5*i + 2*i = 14. Let y = -1 + i. Calculate the remainder when f(-6) is divided by y.
0
Let n be (4/(-2) - -3)*(-6 + -4). What is the remainder when ((-122)/n)/((-16)/(-80)) is divided by 32?
29
Let u(a) = a**2 - 8*a + 9. Let w be u(7). What is the remainder when (-10)/4*(-30 + -8) is divided by 23 - 1/w*-2?
23
Suppose -4*o - 5*h + 189 = 0, o - h + 47 = 2*o. Calculate the remainder when 183 is divided by o.
45
Suppose 2*a - 54 = m, -3*m + 4*a - 8*a = 122. Let h = m + 74. What is the remainder when h is divided by 8?
4
Let b(q) = q**3 - 12*q**2 + 10*q + 3. Suppose 2*u - 35 = -13. Let f be b(u). Let g(p) = -p**2 - 6*p + 18. Calculate the remainder when 7 is divided by g(f).
1
Let k(h) = -h**3 + 6*h**2 + 2*h + 6. Let s be ((-20)/(-25))/(4/30). What is the remainder when k(s) is divided by 3?
0
Suppose -9*d + 13*d = 0. What is the remainder when 46 is divided by (-170)/(-7) + d - 20/70?
22
Let d(x) = x**2 + 14*x - 15. Let o be d(-15). Suppose 0 = l + 4*u + 3, 3*l + 0*l - u - 43 = o. Calculate the remainder when 24 is divided by l.
11
Suppose -20*b + 23*b - 1484 = -25*b. Calculate the remainder when ((-2)/(-4))/(1/208) is divided by b.
51
Let m(q) = -94*q. Suppose 0 = -5*x + 70 + 50. What is the remainder when m(-1) is divided by x?
22
Let m = -8 + 14. Let s(r) = 3*r**2 + 10*r - 41. What is the remainder when s(3) is divided by m?
4
Let z(d) = -d**3 - 7*d**2 + 32*d + 47. Calculate the remainder when z(-12) is divided by 12.
11
Suppose -4*p = -0*p + 5*g, 0 = 3*p + 3*g. Suppose 130 = -5*t - p*f - 4*f, -f + 155 = -5*t. What is the remainder when (-4)/2 - (t - -6) is divided by 12?
10
Let s = -1974 - -1993. What is the remainder when 341 is divided by s?
18
Let h(n) = n**2 - 5*n + 3. Suppose w - 